{"id":10,"date":"2024-09-21T12:25:41","date_gmt":"2024-09-21T12:25:41","guid":{"rendered":"https:\/\/kamilagrzypek.pl\/?page_id=10"},"modified":"2024-09-21T15:17:56","modified_gmt":"2024-09-21T13:17:56","slug":"home","status":"publish","type":"page","link":"https:\/\/kamilagrzypek.pl\/","title":{"rendered":"Start"},"content":{"rendered":"\n<p><\/p>\n\n\n\n<h4 class=\"wp-block-heading\"><strong>HIPNOwaga &#8211; <\/strong><strong>WIEDZA, PRAKTYKA, EMPATIA, UNIKALNO\u015a\u0106<\/strong><\/h4>\n\n\n\n<p>Bardzo si\u0119 ciesz\u0119, \u017ce pojawi\u0142a si\u0119 w Tobie gotowo\u015b\u0107 do zmiany.<\/p>\n\n\n\n<p>Jestem pewna, \u017ce b\u0119d\u0119 mog\u0142a Ci pom\u00f3c<\/p>\n\n\n\n<div class=\"wp-block-buttons is-layout-flex wp-block-buttons-is-layout-flex\">\n<div class=\"wp-block-button\"><a class=\"wp-block-button__link has-background wp-element-button\" href=\"https:\/\/hipnoterapeutka.calendesk.net\/?services=1\" style=\"background-color:#5e9983\">Um\u00f3w si\u0119 na bezp\u0142atn\u0105 konsultacj\u0119<\/a><\/div>\n<\/div>\n\n\n\n<p><\/p>\n","protected":false},"excerpt":{"rendered":"<p>HIPNOwaga &#8211; WIEDZA, PRAKTYKA, EMPATIA, UNIKALNO\u015a\u0106 Bardzo si\u0119 ciesz\u0119, \u017ce pojawi\u0142a si\u0119 w Tobie gotowo\u015b\u0107 do zmiany. Jestem pewna, \u017ce b\u0119d\u0119 mog\u0142a Ci pom\u00f3c<\/p>\n","protected":false},"author":1,"featured_media":0,"parent":0,"menu_order":0,"comment_status":"closed","ping_status":"closed","template":"","meta":{"footnotes":""},"class_list":["post-10","page","type-page","status-publish","hentry"],"_links":{"self":[{"href":"https:\/\/kamilagrzypek.pl\/index.php?rest_route=\/wp\/v2\/pages\/10","targetHints":{"allow":["GET"]}}],"collection":[{"href":"https:\/\/kamilagrzypek.pl\/index.php?rest_route=\/wp\/v2\/pages"}],"about":[{"href":"https:\/\/kamilagrzypek.pl\/index.php?rest_route=\/wp\/v2\/types\/page"}],"author":[{"embeddable":true,"href":"https:\/\/kamilagrzypek.pl\/index.php?rest_route=\/wp\/v2\/users\/1"}],"replies":[{"embeddable":true,"href":"https:\/\/kamilagrzypek.pl\/index.php?rest_route=%2Fwp%2Fv2%2Fcomments&post=10"}],"version-history":[{"count":7,"href":"https:\/\/kamilagrzypek.pl\/index.php?rest_route=\/wp\/v2\/pages\/10\/revisions"}],"predecessor-version":[{"id":63,"href":"https:\/\/kamilagrzypek.pl\/index.php?rest_route=\/wp\/v2\/pages\/10\/revisions\/63"}],"wp:attachment":[{"href":"https:\/\/kamilagrzypek.pl\/index.php?rest_route=%2Fwp%2Fv2%2Fmedia&parent=10"}],"curies":[{"name":"wp","href":"https:\/\/api.w.org\/{rel}","templated":true}]}}